)?
32
What is the value of 7 + (-11 - (-6 + -1 + 3)) - 5?
-5
What is the value of -46 + ((-7 - -14) + -5 + -12 - (2 - 4))?
-54
Calculate -5 - 6 - (5 - 25 - 5).
14
Evaluate -12 + 13 + 1 + 5 - ((-60 - -15) + -14).
66
What is (-19 - (-10 + -10)) + 49 + (-2 - 0)?
48
What is the value of 36 + 62 + (-123 - -71)?
46
What is the value of 3 - (-5 + 12 + -6 + 84 + 16)?
-98
Evaluate (37 - (12 - 5)) + 29 + -17.
42
Calculate (122 - -2) + 2 + 56835 + -56844.
117
What is the value of -15 - (-11 + -65 - -91 - (0 - 6))?
-36
Calculate (631 - 660) + (-7 - -23 - 3).
-16
What is the value of -10 + 1 + (-5 - -2) + (-62 - (-30 + 56))?
-100
Calculate 46 - (19 - 59 - -24) - (3 - 0).
59
Evaluate 22 + (4 - -33) + -16 + -62.
-19
Evaluate 9966 - 9927 - (-2 + -5 + 2).
44
Evaluate -29 + 5 + (1476 - 1483).
-31
What is (22 - 43) + -5 + 44 - 8?
10
What is -52 + -5 + (-25 - -50 - -2)?
-30
What is 85 + -21 - (0 + 0 + 5 - 0)?
59
What is 1745 + -1798 + (51 - -1)?
-1
Calculate 31 + -42 + 37 + -12 + 56.
70
Calculate 1 + 1 + -35 + -2 + 8.
-27
19 + (-45 - (32 + -11)) + 65
18
Calculate (3 - 11) + 11 + -64 - 1.
-62
Evaluate 124 + (15 - (-15 - (-21 - -13) - -11)) - 2.
133
130 + -53 + -190 + 45
-68
Calculate -43 + 21 + (-12 - -25) + -37.
-46
Evaluate (-51 - (-32 - 71)) + 27.
79
Evaluate (65 + -12 - 21) + -4 + -3.
25
What is -11 + (-1 - 18 - (-83 - -117))?
-64
Calculate (1284 - 1259) + (2 - 27).
0
((-12 - 5) + -49 - -8) + 1 + (1 - -2)
-54
What is (28 - -3) + 93 + -120 + -4?
0
What is the value of 0 + 15 - (-42 + 17 + -36 + 4)?
72
-1101 + 1078 - (-1 + 33)
-55
What is -76 + 61 + -4 + (-2 - -67)?
46
What is the value of 0 + 34 - (31 + 0 + 7 - 24)?
20
-28 - ((53 - 17) + -80)
16
Calculate (-6 - 147 - -53) + 103.
3
Calculate (10 - -4) + 42 + -68 - -13.
1
What is the value of -1 - 1 - -12 - (73 - 13 - 9)?
-41
Calculate -15 + 19 + (15 - 11) - 30.
-22
Evaluate -1 + -11 + 23 + (5 + 11 - -2).
29
(-22 - -1) + (-107 - -121) - (-6 + 3)
-4
Calculate (0 + 1 - (-16 + 11)) + (-11 - 23) - -1.
-27
What is 25 - (5 - ((12 - 24) + -6))?
2
2805 + -2744 - (-10 + 1)
70
What is 78 - (-77 - -225) - (-1 - 18)?
-51
Evaluate 20 + (5 - 2) + (1120 - 1122).
21
Evaluate -45 + 47 + -32 + -27.
-57
What is the value of -25 + -13 - -52 - -51?
65
Calculate -4 + -3 + (-2 - 4 - -30).
17
Evaluate -19 + 6 + (19 + 2 - 49).
-41
(-1130 - -1112) + (2 + -3 - 0)
-19
106 + (60 + -115 - 14)
37
What is -39 + -5 - (175 - 199)?
-20
What is (-8 - (5 + -16)) + -43 + (-13 - -3) - -4?
-46
13 - 0 - (63 + -34 + (12 - -3))
-31
Evaluate 3 - -5 - (538 + -566).
36
What is the value of (-26 - 12) + -29 - -27?
-40
Calculate 80 + -3 + (-3708 - -3711).
80
(-13 - 10 - (0 - 0)) + (-196 - -186)
-33
What is the value of (6 - (16 + (28 - 25))) + (84 - 2)?
69
Calculate (-7 - 5 - 34) + 2 + (-2 - -10 - 2).
-38
What is the value of -5 + 53 + (17 - (34 + -2))?
33
Evaluate (-49 - (-15 - (2 + -2) - (-700 - -680))) + -16.
-70
Evaluate 42 - (-49 + (122 - -65)).
-96
17 + -54 + -9 - -87
41
Evaluate (302 - 200) + (2 - 1) - ((-22 - -2) + 6).
117
What is -11 + 1 + 30 + 6 + -44?
-18
Calculate (254 - 185) + -28 + (-125 - 0).
-84
Evaluate -15 - (20 + 6 + -117 + 13).
63
What is the value of 6 + -9 + 1 + (27 - 17) + (-6 - -22)?
24
What is the value of -1 + -9 + 1123 + -1132?
-19
Evaluate -13 + -1 - (25 + -4 - -5).
-40
19 - (-35 + (10 - -12) - -6)
26
What is (16 + 35 - 16) + 23 + (-8 - -4 - 11)?
43
What is the value of 0 - (1 + 3) - ((4 - -26) + (3 - -4))?
-41
What is (51 - -28) + -65 - 34?
-20
What is the value of 15 + 10 + -5 + 1 - 16?
5
Calculate 0 + -7 + (-25 + (29 - 11 - 23) - -26).
-11
Evaluate -18 + -1 - (-95 - (155 - 163)).
68
13 + (-27 - -37) - 44 - -98
77
Calculate 73 + (-4 - -7) + (20 - (-55 + 75)).
76
(-40 - (23 - 8) - -33) + 3
-19
Calculate -45 + (-98 - -46 - -159).
62
Calculate -11 + (20 - 131) + 241.
119
What is -9 + 0 + (62 + -3 + -71 - (-30 + 0))?
9
Evaluate -93 + (0 + -5 - (644 + -635) - -36).
-71
What is 104 + -9 + 17 + (23 - 15)?
120
What is -8 + 6 - ((5 - (-1 - 1)) + (152 - 149))?
-12
Calculate -70 + (-35 - -130) + 1 + 4.
30
(51 - 36) + -43 + 23
-5
Evaluate 49 - ((-2 - 0) + 6 - (-53 + 138 - 81)).
49
Evaluate -2 + (-8 - (37 + -25)) + -1.
-23
Evaluate 5010 + -5028 + -64 + 1.
-81
What is -75 + (28 + 0 - (-591 + 606))?
-62
What is -44 + 34 - 16 - -63 - 149?
-112
What is the value of -2 - (20 - (-62 + 6))?
-78
What is the value of 33 + -7 + -44 + 18?
0
What is (-16 - -1) + (91 + -90 - (-2 + -30))?
18
-8 - (-31 - (-34 - (-7 + -7))) - 79
-76
What is the value of -5 + 8 + -1 + (67 + -19 - -14)?
64
What is (-18 - -1 - 0) + -5 + (22 - (37 - 12))?
-25
4 + (0 - -5 - -4) + (-8 - (31 + -10))
-16
-35 + (-8 - ((-2 - -13) + -24)) + 3
-27
Evaluate 41 + -162 + (-9 - -99).
-31
Calculate -87 + (68 - -32) + 66.
79
Evaluate -2 - (-87 + 65 + 43 + -2).
-21
What is the value of -2 + (32 - 2) - (8610 + -8507)?
-75
-24 + (30 - (30 - 70)) + (-3 - -5)
48
Calculate -9 + (-2 + (-6 + 3 - -15) - -16).
17
Calculate 4050 + -3976 + 3 + -34.
43
What is the value of -32 - (-55 - (9 - 0))?
32
(-12 - (2 + (-13 - -2) + 3)) + 2 + 6
2
Evaluate -56 - 0 - ((2 - (1 + 21)) + (196 - 172)).
-60
Evaluate (-4 - -9) + -7 - (0 + 1 + -4 + -11).
12
Calculate 17 + (-5 - 4) + 10 + -42 + 2.
-22
What is the value of -94 - (63 + 47 + -82 - 56)?
-66
What is the value of (0 - (-3 - 2 - (-22 - -23))) + -128 + 139?
17
Calculate 111 + (79 - (75 - -54)).
61
What is 0 + 84 + (-195 - -156) + 44?
89
What is 14 + (15 + -21 + 11 - 28) - 45?
-54
Calculate (57 + -54 - 11) + 9 + -3 + -5 + 11.
4
What is the value of (34 - 9) + (2 - (0 + 9 + -10 + -3))?
31
What is the value of -6 + -6 + 7 + (-49 - (-13 - 33))?
-8
Evaluate 24 - ((61 - 56) + 1 + 23).
-5
What is -23 + (-26 - ((-15 - (-2 - 1)) + 14))?
-51
878 + -759 + -1 + -55
63
Evaluate -12 + 12 + -7 + (-13 - -79) + -13.
46
(-34 - (9 + 31)) + 48
-26
Evaluate (-112 - -74 - -58) + 2.
22
Calculate (-1 - (-2 - -4)) + (-19 - -36 - (-10 + 29)).
-5
0 - -2 - (8 - (16 + -5 + 69))
74
Evaluate -3 - ((113 - 113) + (-6 - -4) + -15).
14
What is -17 + 11 + -46 - (-4 + (11 - -5))?
-64
What is -2 - (-2 + 15 - (22 + 10) - -52)?
-35
What is the value of (45 - 40) + -20 + 0?
-15
Evaluate 67 + 1 - (3367 - 3339).
40
Calculate -8 + 0 + (-26 - (-2 + (2 - 63))) + -26.
3
What is 9 + -3 + (-21 + 12 - -11) + -27?
-19
Evaluate (-18 - 1) + 670 + -635.
16
-508 + 443 + 34 + -5 - 22
-58
What is 20 + 5 + -29 + 8 + 1 + 3?
8
-7 - (68 + -88 - (1 - -1) - -2) - 50
-37
Evaluate -3 + 74 - (253 + -205).
23
Evaluate (-168 + 200 - (9 - 8)) + 0 + 17.
48
Evaluate 28 - (35 + 7 + 8).
-22
Calculate 135 + (-85 - -100) + -92.
58
What is -3 + (3 - 14) + (-14 - -18) + (-45 - -33)?
-22
What is -45 - (-18 - (-22 - (-3 + (20 - 10) - 18)))?
-38
What is 8 + -16 + -14 + -26 + 38 + -13?
-23
What is the value of -3 - ((25 - 54) + (2 - 6)) - -2?
32
Calculate (-8 - 1) + 9 + -43 - (7 + 4).
-54
-20626 + 20675 - (106 + -2)
-55
What is (17 - (3 + 12 + -18 - -4)) + -71?
-55
Calculate -4 - (-62 + 14) - (16 + (-6 - -9)).
25
(-22 - -17 - (10 + -9)) + -97 - -18
-85
Calculate (-3 - 69 - (74 - 80)) + 21.
-45
Calculate (-399 - -401) + 0 + 3 + -14 + -35.
-44
Calculate 4 - (0 + -5 + (-25 + -3 - -17) + 111).
-91
What is 28 - ((-8 - -13) + 3 + (-5 - (16 + -6)))?
35
(-7626 - -7622) + (2 - -3 - 0)
1
-69 - -80 - (-3 - -4 - -37)
-27
What is the value of -86 + 46 + 43 + (-4 + 4 + -4 - -53)?
52
22 - (-31 + 19 + -17 + 17)
34
(-6 + 11 - 0) + 6 - (17 - 6 - 28)
28
Calculate (-1 + 1 - 109) + (2 - (-16 + 14) - 18).
-123
What is the value of -1081 + 1070 + (48 - -1) - 44?
-6
Evaluate 8 + (12 + -6 - 2) - (19 - -73).
-80
-1 + -30 + -562 + 549 - -33
-11
What is the value of (-9 + (19 + -12 - -68 - -13) - -10) + 5?
94
What is the value of (513 + -539 - (-1 - -25)) + (14 - 0)?
-36
Evaluate (4 - 2 - 4) + 32 + -31 + -14 + 13.
-2
Calculate -32 - -8 - (15 + -79).
40
What is the value of (2 - 1 - 1) + (14 - -7 - (-6 + 24))?
3
(18 - (-28 + 15)) + (83 + -101 - (2 + -9))
20
What is 1 + 46 + -2 + -62?
-17
Evaluate (30 - 56) + 6 + (15 - -5).
0
83 - ((-66 - -67) + 129)
-47
Evaluate 1 - (2 + 2 + 35).
-38
-311 - -291 - (-21 + 21)
-20
Evaluate 97 + -3 - (2 - ((-9 + 22 - 24) + 11)).
92
What is (0 - -19) + -22 + (-81 - -118)?
34
Calculate (28 - (-35 - -44)) + (-8 - -7 - 16).
2
14 + (-58 - -28 - -28) - 70
-58
What is the value of (-65 - -63) + (-79 - -85)?
4
Calculate (-3 - -1) + 16 + -1 + (32 -